{"id":228,"date":"2020-09-09T06:35:29","date_gmt":"2020-09-09T06:35:29","guid":{"rendered":"https:\/\/wir-fuer-grimlinghausen.de\/?page_id=228"},"modified":"2020-09-09T10:39:06","modified_gmt":"2020-09-09T10:39:06","slug":"kommunalwahl-2020","status":"publish","type":"page","link":"https:\/\/wir-fuer-grimlinghausen.de\/index.php\/kommunalwahl-2020\/","title":{"rendered":"Kommunalwahl 2020"},"content":{"rendered":"\t\t<div data-elementor-type=\"wp-page\" data-elementor-id=\"228\" class=\"elementor elementor-228\">\n\t\t\t\t\t\t<section class=\"elementor-section elementor-top-section elementor-element elementor-element-a66603e elementor-section-boxed elementor-section-height-default elementor-section-height-default\" data-id=\"a66603e\" data-element_type=\"section\" data-e-type=\"section\">\n\t\t\t\t\t\t<div class=\"elementor-container elementor-column-gap-default\">\n\t\t\t\t\t<div class=\"elementor-column elementor-col-100 elementor-top-column elementor-element elementor-element-5524eca\" data-id=\"5524eca\" data-element_type=\"column\" data-e-type=\"column\">\n\t\t\t<div class=\"elementor-widget-wrap elementor-element-populated\">\n\t\t\t\t\t\t<div class=\"elementor-element elementor-element-da097c5 elementor-widget elementor-widget-text-editor\" data-id=\"da097c5\" data-element_type=\"widget\" data-e-type=\"widget\" data-widget_type=\"text-editor.default\">\n\t\t\t\t<div class=\"elementor-widget-container\">\n\t\t\t\t\t\t\t\t\t<p>Um den Grimlinghauser B\u00fcrgern eine weitere Grundlage f\u00fcr ihre Wahlentscheidung zu bieten, haben wir Anfang August die Parteien, die Kandidaten f\u00fcr den Neusser Stadtrat aufgestellt haben, angeschrieben und zu zwei unserer wesentlichen Themen um eine Stellungnahme gebeten, welche wir auf den folgenden Seiten gemeinsam mit einer Einordnung unsererseits zusammenfassen:<\/p><ul><li><a href=\"https:\/\/wir-fuer-grimlinghausen.de\/index.php\/kommunalwahl-2020\/bezirksausschuss\">Bezirksausschuss<\/a><\/li><li><a href=\"https:\/\/wir-fuer-grimlinghausen.de\/index.php\/kommunalwahl-2020\/verkehrsberuhigung\/\">Verkehrsberuhigung<\/a><\/li><\/ul><p>Wir danken den Parteien f\u00fcr viele konstruktive Reaktionen &#8211; nur Antworten der AfD, von Die Aktiven und Die Partei blieben aus. Es ist au\u00dferdem erfreulich, dass viele Parteien unseren Anliegen gegen\u00fcber offen sind oder diese bef\u00fcrworten. Als \u00fcberparteiliche Initiative werden wir allerdings keine konkrete Wahlempfehlung geben, sondern begr\u00fc\u00dfen es, wenn jeder B\u00fcrger sich selbst auf Basis der Positionen der Parteien eine Meinung bildet.<\/p>\t\t\t\t\t\t\t\t<\/div>\n\t\t\t\t<\/div>\n\t\t\t\t\t<\/div>\n\t\t<\/div>\n\t\t\t\t\t<\/div>\n\t\t<\/section>\n\t\t\t\t<\/div>\n\t\t","protected":false},"excerpt":{"rendered":"<p>Um den Grimlinghauser B\u00fcrgern eine weitere Grundlage f\u00fcr ihre Wahlentscheidung zu bieten, haben wir Anfang August die Parteien, die Kandidaten f\u00fcr den Neusser Stadtrat aufgestellt haben, angeschrieben und zu zwei unserer wesentlichen Themen um eine Stellungnahme gebeten, welche wir auf den folgenden Seiten gemeinsam mit einer Einordnung unsererseits zusammenfassen: Bezirksausschuss Verkehrsberuhigung Wir danken den Parteien [&hellip;]<\/p>\n","protected":false},"author":1,"featured_media":0,"parent":0,"menu_order":0,"comment_status":"closed","ping_status":"closed","template":"","meta":{"footnotes":""},"class_list":["post-228","page","type-page","status-publish","hentry","entry"],"_links":{"self":[{"href":"https:\/\/wir-fuer-grimlinghausen.de\/index.php\/wp-json\/wp\/v2\/pages\/228","targetHints":{"allow":["GET"]}}],"collection":[{"href":"https:\/\/wir-fuer-grimlinghausen.de\/index.php\/wp-json\/wp\/v2\/pages"}],"about":[{"href":"https:\/\/wir-fuer-grimlinghausen.de\/index.php\/wp-json\/wp\/v2\/types\/page"}],"author":[{"embeddable":true,"href":"https:\/\/wir-fuer-grimlinghausen.de\/index.php\/wp-json\/wp\/v2\/users\/1"}],"replies":[{"embeddable":true,"href":"https:\/\/wir-fuer-grimlinghausen.de\/index.php\/wp-json\/wp\/v2\/comments?post=228"}],"version-history":[{"count":8,"href":"https:\/\/wir-fuer-grimlinghausen.de\/index.php\/wp-json\/wp\/v2\/pages\/228\/revisions"}],"predecessor-version":[{"id":258,"href":"https:\/\/wir-fuer-grimlinghausen.de\/index.php\/wp-json\/wp\/v2\/pages\/228\/revisions\/258"}],"wp:attachment":[{"href":"https:\/\/wir-fuer-grimlinghausen.de\/index.php\/wp-json\/wp\/v2\/media?parent=228"}],"curies":[{"name":"wp","href":"https:\/\/api.w.org\/{rel}","templated":true}]}}